e remainder when l is divided by (-66)/(-14) - (-6)/21?
4
Suppose o - 4 + 2 = 0. Suppose -5*m + 2 = 3*u, 10*u + 5 = 5*u. What is the remainder when o is divided by m?
0
Let y = 43 - 25. Calculate the remainder when 70 is divided by y.
16
What is the remainder when 30 is divided by 1/(15/(-5) - (-68)/22)?
8
Suppose 0 = 3*a - 7*a + 40. Calculate the remainder when 29 is divided by a.
9
Let g(s) = 9*s**2 + 2*s - 1. Let r = 57 - 49. What is the remainder when g(-2) is divided by r?
7
Let l(z) = 13*z + 6. What is the remainder when l(5) is divided by 18?
17
Let s(p) = 2*p**2 + 14*p - 8. What is the remainder when 53 is divided by s(-9)?
25
Let o(q) = 0*q**2 - 12 + 2*q**2 + 11 - 26*q**3. What is the remainder when o(-1) is divided by 7?
6
Let n(s) = -s**2 - 6*s - 4. Let w be n(-5). Calculate the remainder when (-10)/(w + (-5)/3) is divided by 8.
7
Calculate the remainder when 184 is divided by 184/6 - (-2)/6.
29
Let k be 3*8/18*3. Calculate the remainder when 28 is divided by (1 - k/(-8))*10.
13
Let j(k) = k**2 - 2*k + 9. What is the remainder when j(4) is divided by 10?
7
Let f = -17 + 36. Suppose 5*k - w - 28 = -3*w, -w = -k. Suppose 6*r = k*r + 20. Calculate the remainder when f is divided by r.
9
Suppose 140 = 5*q + 2*k, 2*q + 4*k = 8*k + 56. What is the remainder when 106 is divided by q?
22
Let r(b) = 2*b**2 - 12 + 18*b - 4*b + 19. What is the remainder when r(-10) is divided by 23?
21
Suppose 2*z - 2 = 2. Suppose f = n, -14 = -6*f + z*f - 3*n. Calculate the remainder when -3*3/(-3) + 2 is divided by f.
1
Let w(y) = -y**2 + 19*y + 14. What is the remainder when w(18) is divided by 18?
14
Let o(a) = a**2 + 7*a + 3. Calculate the remainder when 4 is divided by o(-7).
1
Suppose 3*j = -5*t - 2*j - 10, t - j + 12 = 0. Calculate the remainder when t/2*-8 + 1 is divided by 10.
9
Suppose 0 = -2*b - 2*b + 16. Suppose -19 = 5*d + 16. Let j = d + 13. What is the remainder when j is divided by b?
2
Let v = 7 - 0. Let w = v + -6. What is the remainder when w is divided by 4/12 - 4/(-6)?
0
Suppose 6 = 4*i - 14. What is the remainder when 16 is divided by i?
1
Let i(q) = -q + 4. Let t be i(0). Suppose -4*g + 16 = 0, 3*b = -t*g + 62 + 47. What is the remainder when b is divided by -32*(-2 - (-3)/2)?
15
Suppose -4*i = 3*i - 133. What is the remainder when i is divided by 6?
1
Suppose -o + 0*o = -1. Let c be o/5 + 5/(-25). Suppose -2*k = -3*m + 151, -2*m + c*k = k - 89. Calculate the remainder when m is divided by 12.
11
Suppose o - 1 = 1. Suppose -o*a - 50 = -7*a. What is the remainder when 18 is divided by a?
8
Let y = 9 + -7. Suppose -5*g = -y - 3. What is the remainder when 1 is divided by g?
0
Suppose -k + 4*k - 9 = 0, -5*w = 5*k - 200. Calculate the remainder when w is divided by 10.
7
Suppose 78 = 5*i - 62. Let k(g) be the second derivative of 7*g**3/6 + g**2/2 + 6*g. Calculate the remainder when i is divided by k(2).
13
Let t = -147 - -163. Calculate the remainder when t is divided by 6.
4
Let x(t) = -t + 7. What is the remainder when x(-12) is divided by 10?
9
Suppose -5*j = 4*u - 2*u + 7, 0 = -4*j - 3*u. Let o be 1/j + (-2)/(-6). Suppose 2*i + 2*i - 124 = o. Calculate the remainder when i is divided by 11.
9
Let n(w) = -w - 5. Let h be n(-4). Let k(a) = -27*a - 4. Calculate the remainder when 69 + 2/2*-1 is divided by k(h).
22
Let o = 4 - 7. What is the remainder when 32 is divided by -6*10/o - 3?
15
Suppose -5*m = 2*w - 0*w - 22, 0 = 3*m + 5*w + 2. Let r(y) = y**3 + 20*y**2 + 20*y + 24. Calculate the remainder when m is divided by r(-19).
1
Let g(c) = 7*c + 10. Let r be (-2)/(-2) + 12/2. What is the remainder when g(r) is divided by 20?
19
Suppose 3*j + 12 = 3*z, -6*j - 13 = -5*z - 8*j. Calculate the remainder when 9 is divided by z.
0
Suppose -100 = -5*w - t, 0 = 3*w - t - 40 - 20. Let i be (-77)/14 + (-6)/(-4). Let h = 3 - i. Calculate the remainder when w is divided by h.
6
Suppose -346 = -4*z - 5*k, -5*z + 5*k + 639 = 229. Suppose -z + 19 = -5*x. Calculate the remainder when 50 is divided by x.
11
Let g(r) = -r**3 - 2*r**2 - 7*r - 9*r + 20*r - 3. Calculate the remainder when 49 is divided by g(-4).
10
Let y = 106 + -41. Suppose 0*m - 2*m - 57 = -3*g, 2*m + y = -5*g. Let k = -10 - m. What is the remainder when k is divided by 11?
9
Let b = 14 - 10. What is the remainder when 25 is divided by 3*((-19)/(-3) - b)?
4
Suppose 4*p - y = -82 + 354, 3*p + 2*y - 204 = 0. Suppose -p = -0*d - 4*d. What is the remainder when 49 is divided by d?
15
Suppose 0 = -3*x + 3, 0 = 2*r + 4*x - 2*x + 10. Let s = -2 - r. Suppose 3*j = 6*j - 30. What is the remainder when j is divided by s?
2
Let s(x) = -3*x - 3. Let h be s(-1). Suppose h = q - 14 - 7. What is the remainder when q is divided by 12?
9
Let j(x) = x**3 - x**2 + 2. What is the remainder when 21 is divided by j(2)?
3
Suppose 11*k + 132 = 15*k. What is the remainder when k is divided by 12?
9
Suppose 5*s - 23 = 17. What is the remainder when 20 is divided by s?
4
Suppose -15*o = -13*o - 20. Let h = -22 + 58. What is the remainder when h is divided by o?
6
Suppose -154 = -3*s - 43. Let y = -2 + 12. Calculate the remainder when s is divided by y.
7
Let t(a) = a**2 - 11*a + 58. Calculate the remainder when 62 is divided by t(8).
28
Suppose 0 = 21*y - 15*y - 48. Calculate the remainder when y is divided by 4.
0
Let p = 94 - 66. Calculate the remainder when 50 is divided by p.
22
Suppose -45 = -3*u + o + 28, 5*u = -4*o + 116. Calculate the remainder when u is divided by 7.
3
What is the remainder when 6 is divided by (-36)/(-15) + (-12)/30?
0
Let r = -9 + 23. Calculate the remainder when (-26)/65 + (-137)/(-5) is divided by r.
13
Let q = 35 - 6. What is the remainder when 83 is divided by q?
25
Suppose 13 = a + 41. Let t = -17 - a. Calculate the remainder when 54 is divided by t.
10
Let w(g) = g + 2. Calculate the remainder when 8 is divided by w(4).
2
Let b(p) = 7*p - 4*p - 6 + 4*p. Let h = 9 + -5. Calculate the remainder when b(h) is divided by 12.
10
Let p = 5 - -1. Suppose -2 - p = 2*q. What is the remainder when 35 is divided by q/(-16) + (-94)/(-8)?
11
Suppose 0 = d - 3, 3*g - 2*d = -3*d - 69. Let c = -10 - g. Calculate the remainder when (-26)/3*3*-1 is divided by c.
12
Let p(k) = -k + 1. Let y = 4 + 1. Suppose 4*u = y + 3. What is the remainder when p(-4) is divided by u?
1
Let b(g) = -5 + 6*g + 2*g**2 + 1 + 7. Calculate the remainder when b(-4) is divided by 4.
3
Calculate the remainder when (-1 + 83)/(1/(-4 + 5)) is divided by 21.
19
Let k(z) = z**2 + z + 1. Suppose 10 + 15 = 5*r. What is the remainder when k(r) is divided by 16?
15
Suppose 48 = -2*j + 6*j. Suppose 3*w = n + 176, -4*w + n + 203 = 6*n. What is the remainder when w is divided by j?
9
Suppose -38 = 4*o - 142. Suppose 5*s + 4*p = -10, 0 = 5*p + 1 - o. Let b(m) = -m**2 - 10*m - 4. What is the remainder when b(s) is divided by 7?
6
Suppose 3*d - 2*b - 8 = 5, 0 = 3*d - b - 14. Let z = 20 - d. Calculate the remainder when 44 is divided by z.
14
Let g(j) = -9*j + 2. What is the remainder when 52 is divided by g(-2)?
12
Let l(i) be the first derivative of i**2 - 4*i + 2 + i**3 - 1/4*i**4. What is the remainder when 3 is divided by l(3)?
1
Let f(z) = 12*z - 33. Let i(o) = -3*o + 8. Let g(a) = 2*f(a) + 9*i(a). Calculate the remainder when 107 is divided by g(-7).
26
Let f(h) = -9*h**2 + 11*h + 3. Let a(t) = -4*t**2 + 6*t + 1. Let x(q) = 7*a(q) - 3*f(q). Calculate the remainder when 29 is divided by x(6).
13
Suppose -13*c - 47 = -14*c. Calculate the remainder when c is divided by 29.
18
Suppose 0*o - 106 = -2*o. What is the remainder when o is divided by 11?
9
Suppose -3*d - 24 = 3*v, -v - v = 3*d + 18. Let c = 0 - -14. Calculate the remainder when c is divided by (-15)/2*4/v.
4
Calculate the remainder when ((-16)/(-20))/((-2)/(-205)) is divided by 21.
19
Let r = 77 - 115. Suppose 3*a = 24 - 3. Calculate the remainder when r/6*6/(-2) is divided by a.
5
Suppose -30 = -3*n + n. What is the remainder when (-14)/5*n/(-6) is divided by 5?
2
Let a = -77 - -177. Suppose -v - a = -5*r - 6*v, r - v - 20 = 0. Calculate the remainder when 38 is divided by r.
18
Let d(j) be the first derivative of -4/3*j**3 + 7/2*j**2 + 7*j - 1/4*j**4 + 1. What is the remainder when d(-6) is divided by 13?
11
Let g(i) = -i**2 + 7*i - 1. Let u be g(5). Suppose -y + 1 + u = 0.